7)?
14
Let b(u) = 3*u - 16. What is b(6)?
2
Let u(a) = a**3 + 5*a**2 - 4*a - 1. Determine u(-4).
31
Let m(x) = -2*x**2 - x + 5. Determine m(5).
-50
Let j(b) = b**2 - 23*b - 46. Determine j(-2).
4
Let y(u) = u**3 + 6*u**2 - 7*u - 3. Calculate y(-7).
-3
Let p(z) = -z**2 + 3*z + 87. Determine p(-8).
-1
Let s(n) = 12*n - 6. What is s(5)?
54
Let q(h) = -4*h - 13. What is q(0)?
-13
Let c(f) = f**3 + 6*f**2 - 14*f + 11. Calculate c(-7).
60
Let s(q) = -28*q + 1. Determine s(-1).
29
Let j(z) = z**3 - 3*z**2 - 4*z + 1. What is j(4)?
1
Let i(x) = -x**3 - 6*x**2 - x + 2. Give i(-5).
-18
Let z(a) = -3*a**2 + 34*a - 3. Calculate z(11).
8
Let g(p) = -39*p - 49. Calculate g(-2).
29
Let n(o) = 11*o + 2. Give n(-2).
-20
Let q(b) = -b**2 + 37*b - 129. Determine q(33).
3
Let q(h) = -h**2 - 5*h - 3. Give q(-7).
-17
Let y(s) = -3*s**3 - 15*s**2 - 12*s - 46. Calculate y(-5).
14
Let o(b) = -b**3 + 7*b**2 + 11. Determine o(7).
11
Let s(u) = -4*u + 16. Calculate s(6).
-8
Let o(t) = -t**3 - t**2 - 7. Determine o(0).
-7
Let s(g) = 31*g - 12. What is s(0)?
-12
Let a(k) = k**2 - 3*k - 4. Determine a(-2).
6
Let a(f) = -f**2 - 12*f + 28. Give a(-14).
0
Let k(p) = -p**2 + 22*p - 14. Give k(19).
43
Let k(i) = i**3 - 22*i**2 - 104*i + 4. Give k(26).
4
Let c(u) = 9*u**2 + 215*u - 25. Calculate c(-24).
-1
Let f(c) = -3*c**2 - 47*c - 27. Determine f(-15).
3
Let l(w) = -21*w + 17. Calculate l(2).
-25
Let k(j) = 9*j + 296. What is k(-32)?
8
Let b(k) = -k**3 - 3*k**2 - 3*k - 66. Calculate b(-5).
-1
Let o(r) = r**2 + 8*r - 23. Give o(-6).
-35
Let x(k) = 5*k - 16. Determine x(5).
9
Let j(v) = -8*v + 104. What is j(13)?
0
Let h(g) = g**3 + 15*g**2 - 15*g + 50. What is h(-16)?
34
Let a(c) = -2*c. Give a(-2).
4
Let n(t) = -t**3 + 11*t**2 - 9*t + 7. Calculate n(10).
17
Let u(l) = l + 37. Give u(-18).
19
Let a(z) = -z**3 + 21*z**2 - 21*z - 44. Give a(20).
-64
Let a(m) = 3*m**2 - 13*m - 16. Calculate a(9).
110
Let f(p) = p**2 + 16*p - 35. Give f(-16).
-35
Let l(i) = i**2 - 11*i - 3. Give l(11).
-3
Let g(o) = o + 2. Give g(-1).
1
Let n(s) = s**3 - 13*s**2 + 15*s + 42. Give n(3).
-3
Let d(t) = -t**3 - 29*t**2 - 3*t - 81. Calculate d(-29).
6
Let d(o) = -3*o - 1. Calculate d(6).
-19
Let u(i) = 15*i**3 - i. Determine u(1).
14
Let a(w) = -3*w**2 + 6*w + 20. Calculate a(-3).
-25
Let k(j) = j**2 - 28*j + 190. Determine k(8).
30
Let r(i) = -i**2 - 69*i + 365. Calculate r(-74).
-5
Let s(k) = k + 9. What is s(0)?
9
Let l(w) = -66*w - 26. Determine l(0).
-26
Let c(i) = -i**2 + 20*i + 17. Calculate c(21).
-4
Let x(l) = -l**2 - 5. Give x(0).
-5
Let v(k) = -k**2 + 34*k + 75. Determine v(36).
3
Let o(j) = -j**3 - 5*j**2 - 3*j + 3. Determine o(-4).
-1
Let t(v) = -7*v - 31. What is t(-6)?
11
Let t(g) = g**3 + 11*g**2 + 8*g. What is t(-10)?
20
Let k(q) = -q**3 - 7*q**2 + 5*q + 10. Calculate k(-6).
-56
Let v(c) = c**3 - 5*c**2 + 7*c. Calculate v(3).
3
Let u(o) = o**3 - 7*o**2 - 14*o + 58. What is u(8)?
10
Let r(f) = f**3 + 8*f**2 + 9*f + 9. Determine r(-7).
-5
Let t(a) = a**3 + 23*a**2 - 49*a + 24. Calculate t(-25).
-1
Let s(m) = -m**3 - m**2 - m - 7. What is s(-3)?
14
Let o(g) = 4*g - 11. Calculate o(6).
13
Let g(n) = 2*n**2 + 15*n + 2. Give g(-7).
-5
Let t(u) = 2*u**3 - 9*u**2 - 23*u + 105. Determine t(4).
-3
Let f(y) = -9*y - 3. Calculate f(-2).
15
Let h(i) = -i**3 - 8*i**2 + 11*i + 1. Calculate h(-9).
-17
Let z(w) = w**3 + 2*w**2 - 2*w - 7. Calculate z(-3).
-10
Let x(q) = q**3 - q**2 + 2*q - 5. Determine x(0).
-5
Let i(p) = -p**3 - 10*p**2 - 7*p + 12. Determine i(-9).
-6
Let h(j) = -j + 7. Give h(4).
3
Let v(x) = x**2 + 22*x - 58. Determine v(-25).
17
Let o(q) = q**3 - 12*q**2 - 3*q. Determine o(12).
-36
Let z(n) = n**2 - 10*n - 17. Calculate z(9).
-26
Let l(g) = 2*g**3 + 21*g**2 - 13*g - 1. Give l(-11).
21
Let j(c) = 2*c**2 - 14. What is j(-4)?
18
Let g(o) = o + 2. Determine g(-2).
0
Let y(m) = m**3 - 3*m**2 - 2*m. Determine y(-1).
-2
Let s(r) = 5*r**2 - r. Give s(1).
4
Let h(i) = -7*i - 8. Give h(-4).
20
Let o(s) = -2*s**3 + 22*s**2 - 6*s + 33. Determine o(11).
-33
Let f(j) = -j**3 - 9*j**2 + 11*j + 7. What is f(-10)?
-3
Let q(y) = y**3 - 8*y**2 - 4*y + 20. What is q(8)?
-12
Let i(j) = -13*j - 2. Give i(-1).
11
Let y(i) = -i**3 - i**2 + 8*i - 6. Calculate y(3).
-18
Let w(q) = 5*q + 5. What is w(6)?
35
Let q(r) = 5*r - 84. Calculate q(14).
-14
Let t(c) = -3*c**2 - 13*c + 12. What is t(-10)?
-158
Let p(k) = 10*k**2 - 1. Calculate p(1).
9
Let s(k) = -4*k - 5. Calculate s(-2).
3
Let t(h) = h**2 + h - 4. What is t(-3)?
2
Let y(d) = d**3 - 9*d**2 + 9*d - 21. What is y(7)?
-56
Let b(s) = -s**3 - 11*s**2 + 13*s - 1. Determine b(-12).
-13
Let q(k) = -18*k + 47. Give q(3).
-7
Let z(k) = 64*k + 1. Determine z(1).
65
Let q(g) = g**3 - 9*g**2 - 9*g - 8. What is q(10)?
2
Let t(s) = -7*s - 11. Calculate t(-2).
3
Let j(o) = 8*o + 18. Determine j(4).
50
Let k(m) = -m**2 - 8*m + 4. Calculate k(-10).
-16
Let q(s) = s**3 + 4*s**2 + 2*s - 2. What is q(-3)?
1
Let j(b) = b**3 + 3*b**2 + 4*b - 12. Calculate j(-5).
-82
Let j(w) = 13*w - 67. Determine j(8).
37
Let b(u) = -28*u - 699. What is b(-25)?
1
Let w(m) = m**2 + 36*m - 123. What is w(-39)?
-6
Let w(x) = -x**3 + 8*x**2 + 3*x - 17. Calculate w(8).
7
Let d(w) = 2*w**2 - 2*w - 4. Determine d(-2).
8
Let a(z) = -4*z**2 + 11*z + 4. Calculate a(3).
1
Let h(q) = -q**3 - 19*q**2 - 34*q + 3. Determine h(-17).
3
Let l(a) = a**2 - 7*a - 11. Give l(6).
-17
Let f(u) = -u**2 - 7*u + 7. Give f(4).
-37
Let y(o) = 19*o - 7. What is y(5)?
88
Let x(d) = d**2 + 21*d + 31. Determine x(-17).
-37
Let j(z) = 7*z + 5. Calculate j(-2).
-9
Let z(m) = m**2 + 8*m - 9. What is z(-9)?
0
Let q(j) = 2*j**2 + 4*j - 15. Give q(-6).
33
Let f(p) = 43*p - 855. Determine f(20).
5
Let h(y) = 2*y + 4. Calculate h(-6).
-8
Let z(y) = -y**3 - 19*y**2 + 41*y - 23. Determine z(-21).
-2
Let g(l) = l**3 + 29*l**2 - 30*l - 30. Give g(-30).
-30
Let k(y) = -16*y + 8. Calculate k(-1).
24
Let j(b) = -b**3 - 5*b**2 - 3*b + 3. What is j(-3)?
-6
Let l(x) = 5*x**2 - 1. Give l(3).
44
Let z(g) = -9*g**3 + 3*g**2 + 6*g + 3. Calculate z(-2).
75
Let d(t) = -t**2 - 5*t - 19. Give d(-12).
-103
Let y(o) = -21*o**2 - 2*o - 1. Give y(-1).
-20
Let f(h) = -h**3 - 27*h**2 - 26*h - 33. Give f(-26).
-33
Let y(h) = -h**3 + 21*h**2 - h - 2. What is y(21)?
-23
Let r(q) = -q**2 + 25*q - 20. What is r(24)?
4
Let f(y) = -y**2 + 8*y - 12. Calculate f(6).
0
Let m(t) = 13*t**2 - 2*t + 9. Determine m(3).
120
Let q(a) = 17*a + 98. What is q(-7)?
-21
Let l(w) = 38*w. Determine l(-1).
-38
Let i(c) = -c**3 + 12*c**2 - 36*c - 11. Determine i(6).
-11
Let a(d) = d**3 + 2*d**2 - 14*d - 4. Give a(-4).
20
Let h(s) = s**3 - 2*s**2 + 1. Determine h(3).
10
Let s(h) = h**3 + 8*h**2 - 21*h - 10. Give s(-10).
0
Let n(b) = b - 6. Calculate n(4).
-2
Let i(u) = u**2 + 7*u + 2. Calculate i(-6).
-4
Let f(b) = b**2 + 23*b + 32. Give f(-22).
10
Let y(l) = -l**3 - 2*l**2 - 4*l + 3. Give y(-4).
51
Let o(b) = -b**2 - 8*b - 15. Give o(-11).
-48
Let w(l) = 18*l**3 + 2*l + 1. Give w(-1).
-19
Let g(i) = i**3 - 11*i**2 - 80*i - 5. What is g(16)?
-5
Let s(l) = 29*l + 112. Give s(-4).
-4
Let y(w) = -12*w + 182. Give y(15).
2
Let t(c) = -c**2 + 16*c - 3. What is t(11)?
52
Let b(g) = g**3 + 4*g**2 + 10*g + 16. Determine b(-5).
-59
Let d(r) = -7*r + 74. Calculate d(14).
-24
Let l(g) = -21*g**2 - g. Calculate l(-1).
-20
Let p(q) = -2*q**2 - q + 33. Determine p(0).
33
Let d(z) = -z**2 - 16*z - 20. What is d(-15)?
-5
Let j(h) = -h**3 - 6*h**2 - h - 12. Determine j(-6).
-6
Let z(q) = 32*q - 358. Determine z(11).
-6
Let k(y) = y**3 - 5*y**2 + 6*y - 1. Determine k(4).
7
Let q(n) = -34*n - 61. What is q(-3)?
41
Let z(j) = j**2 - 16*j - 23. Determine z(17).
-6
Let i(m) = m. What is i(4)?
4
Let f(m) = -m**2 - 6*m + 5. Give f(9).
-130
Let u(z) = 10*z - 12. Give u(-5).
-62
Let g(y) = y**3 - 8*y**2 - 10*y + 6. Determine g(9).
-3
Let u(a) = -a**2 + 8*a - 15. What is u(7)?
-8
Let l(c) = 10*c**2 + 5*c + 3. Give l(-1).
8
Let c(i) = -5*i - 30. Give c(8).
-70
Let l(b) = -b**3 + b**2 + 2*b - 4. Give l(0).
-4
Let f(x) = 3*x - 16. Calculate f(3).
-7
Let c(q) = -q**3 - 13*q**2 - 15*q - 27. Calculate c(-12).
9
Let n(l) = 3*l**3 + 46*l**2 - 30*l + 30. What is n(-16)?
-2
Let w(c) = -c**3 + 7*c**2 - 7*c. Give w(5).
15
Let f(s) = s**2 + 6*s + 7. What is f(-2)?
-1
Let d(h) = -2*h**3 + 22*h**2 - 23*h + 13. What is 